 -3*b = -4*a + 2*b - 13, -b = 4*a + 7. Suppose 5*h - 9*h + 12 = 0. Let v = a + h. Let j(z) = -4*z**2. Give j(v).
-4
Let y be (-1)/((-3)/6 - 0). Let k(a) = y*a - 4*a - a**2 - a + 5*a - 4. Determine k(3).
-7
Let r(u) = u**3 + 2*u - 2. Let w(a) = -6*a**2 - a. Let s(p) = -5*p**2 - p. Let q(i) = 7*s(i) - 6*w(i). Let y be q(-1). Determine r(y).
10
Let w(j) = 2*j + 4. Suppose -4 - 11 = -3*h. Let a(r) = 2*r - 3. Let k be a(4). Suppose -4*b + h*m + 1 - 2 = 0, k*b - 4*m + 8 = 0. Give w(b).
-4
Let c(q) = -q**3 + 3*q**2 + q - 4. Let h be c(3). Let z be (-5 - -1)/(-2) - h. Suppose -4*a - z*t + 17 = -0*t, -6 = -2*a - 4*t. Let m(r) = -r + 10. Give m(a).
5
Let l(k) = -k + 3. Let m be l(0). Suppose -2*h = 3*a - 0*a, 0 = m*h + 3*a. Let n(i) = -i**3 - i - 4. Calculate n(h).
-4
Let b(y) be the first derivative of 2*y**3/3 - 2*y - 12. Give b(-2).
6
Let d be 14 + (-3 - (1 - 6)). Suppose 0 = 3*p - 2*a - 0*a + d, -5*a + 23 = p. Let h(t) be the first derivative of t**4/4 - t**2/2 + 2*t + 1. Calculate h(p).
-4
Let y(a) = a**2 + 9*a + 4. Let c be ((-14)/4)/7*18. Let j be y(c). Let u(m) be the second derivative of m**4/12 - 2*m**3/3 + 5*m**2/2 + 2*m. Determine u(j).
5
Let a(r) be the second derivative of -r**4/12 - 4*r**3/3 - 2*r**2 + 2*r. Give a(-6).
8
Let l(y) be the third derivative of y**4/24 + 7*y**3/6 + 2*y**2. What is l(-5)?
2
Let a(h) = h**3 - 3*h**2 - 3*h + 4. Suppose 3*w - 11 + 2 = 0. Determine a(w).
-5
Let g(c) = 5 + 3*c - 5 + 4*c. Give g(1).
7
Let a be (8/(-20))/((-4)/(-5) - 1). Let h(f) = -f**3 + 2*f**2 + 3*f - 2. Calculate h(a).
4
Suppose 0 = -5*r + 4 + 6. Suppose -r*p + 0*p - 4 = 0. Let x be (3 + p)/(1/5). Let i(h) = -h - 3. Determine i(x).
-8
Let s = 2 + 3. Let y(l) = 7*l + l**2 + l**2 - 3 - 3*l**2. Calculate y(s).
7
Let p = 7 + -10. Let x = p + 1. Let n be (2 - 4) + (-14)/x. Let d(z) = z + 1. Calculate d(n).
6
Suppose 3*t = -4*p - 21, 2*t = 4*p - t + 27. Let j(k) = -k**3 - 6*k**2 - k - 4. Calculate j(p).
2
Let v(p) be the third derivative of -p**3 + 0 - p**2 + 7/24*p**4 + 0*p - 1/60*p**5. Give v(5).
4
Let l(i) = -i**3 + 2*i**2 + 14*i + 3. Suppose 12 = c + 5. Let p(y) = -y**3 + y**2 + 13*y + 3. Let q(g) = c*p(g) - 6*l(g). Give q(-6).
-3
Let b = -17 - -12. Let p(w) = -w**3 - 6*w**2 - 2*w - 11. Let u(g) = -g**3 - 6*g**2 - g - 12. Let i(n) = 5*p(n) - 4*u(n). Determine i(b).
-2
Suppose -7*b - 10 = -17*b. Let c(u) = -15*u**3 + u**2 - u. Calculate c(b).
-15
Let c be ((-6)/4)/((-3)/4). Let s be 18/10 + (-2)/(-10). Let m(v) = -v**2 - 3 + 4 + v + 2*v**s - v**3. Determine m(c).
-1
Let t(o) = o**2 + 6*o - 6. Suppose d - 9 + 15 = 0. Determine t(d).
-6
Let d(t) = t**2 + 14*t + 16. Let p be d(-13). Let b(x) = x**3 - 3*x**2 - 4*x. What is b(p)?
-12
Let a(d) = d**2 - 40 + 10 + 15 + 11. Give a(3).
5
Let k(d) be the second derivative of 0 - 2*d - d**2 - 1/6*d**3 - 1/12*d**4. What is k(0)?
-2
Let f(m) = -5*m. Let s(r) = r. Let p(v) = -f(v) - 4*s(v). Determine p(3).
3
Let d(n) = -n**2 + 5*n - 5. Suppose -9*k = -10*k + 5. Calculate d(k).
-5
Let q(y) = y**2 + 11*y. Let u be q(-11). Suppose -4*m + 0*z + 4*z + 28 = u, -m - 2 = 2*z. Let p be (-2 + (2 - -1))*m. Let f(g) = 2*g - 3. Calculate f(p).
5
Suppose 0 = 5*o - 5, -3*z - o - 11 = -6*o. Let j(g) = -2*g**3 - g**2 + 3*g + 2. Give j(z).
8
Suppose 2*f = -2*f + 20. Suppose -2*r = -f*r. Let h(b) = -b**2 + 5. Calculate h(r).
5
Let l(g) = -2*g + 1. Let w be l(-2). Let r(p) = -9 + 2*p + w - 1. What is r(6)?
7
Let o(h) = 2*h**2 + 3*h + 3. Let p(r) = -3*r**2 - 4*r - 5. Let w = -10 + 15. Let u(l) = w*p(l) + 7*o(l). Determine u(0).
-4
Let u(i) = 7*i**2 + i. Suppose -4*z = -q - 12, -q - 4 + 0 = 0. Let s = 3 - z. Determine u(s).
8
Suppose -3 = 7*m + 39. Let n(h) = 2*h + 4. Give n(m).
-8
Let x = -1 + 6. Suppose x*n + 8 = n. Let f(r) = -2*r - 3. Calculate f(n).
1
Let q(h) = 2*h - 13. Let x be -3 + 6/1 - -3. Let t be q(x). Let g(l) = l**3 + 2*l**2 + 2*l + 1. Calculate g(t).
0
Let g(f) = f**3 - 3*f**2 + 3*f - 3. Let p be (0 + -1)/(1/3). Let r = p - -3. Let h be r/(-3) - (0 + -2). Determine g(h).
-1
Let j = -35 - -49. Suppose 0 = -p - 1 - 2, x - 3*p = j. Suppose -x - 3 = 2*t. Let h(b) = b**3 + 5*b**2 + 6*b + 5. Calculate h(t).
-3
Let k(u) = 2 + 2 - 7*u - 11 + 2 + u**2. Calculate k(6).
-11
Let u(j) = -34 + 35 + 0*j - j**3 + 2*j + 3*j**2. What is u(3)?
7
Let g(b) = b**2 - 2*b - 2. Let m(q) = -7*q**2 + 8*q. Let v(a) = 4*a**2 - 4*a. Let u(y) = 3*m(y) + 5*v(y). Let p be u(3). What is g(p)?
1
Let d(k) = 2*k**3 + 7*k**2 - 7. Let y(p) = -5*p**3 - 14*p**2 + 15. Let r(f) = -7*d(f) - 3*y(f). Give r(7).
4
Let r(f) = -4*f + 13*f**2 - 6*f**2 - f - f**3 + 4 + 4. Determine r(6).
14
Let p be 2/(2 - 1)*2. Suppose -3*g + 2*x = -4, -2*g - 2*g = -p*x - 12. Let q(y) = 0 - y - 1 + 0*y - 2*y**2 + y**2. Calculate q(g).
-3
Let j(y) = -11*y**2 + y - 1. Suppose -3*u + 0 = -3. Give j(u).
-11
Let m(n) be the second derivative of n**5/20 - 2*n**4/3 + 7*n**3/6 + 6*n. Give m(7).
0
Let m(g) = -g**3 - 5*g**2 + 1. Let i(t) = -t**3 - 5*t**2 - 4*t + 1. Let v be i(-4). Let j be 88/(-16) - v/(-2). Determine m(j).
1
Let u(k) = -k**3 - 13*k**2 - 14*k - 29. Let d be u(-12). Let c(w) be the third derivative of w**4/24 - w**2. Determine c(d).
-5
Let t(y) = 6*y**3 - 5*y**2 - 10*y - 9. Let x(p) = p**3 - p - 1. Let o(s) = t(s) - 5*x(s). Calculate o(6).
2
Let p(v) = -v**3 + 6*v**2 - 3*v - 4. Suppose 3*h = h + 10. Give p(h).
6
Let x be (16/40)/((-1)/15). Let l(v) = -v**2 - 5*v + 4. Determine l(x).
-2
Let w(s) = -2*s. Let q be w(1). Let u be q/(-7) + 96/56. Let o(n) = -n - 4*n - 7 + n**3 + 3*n + 6*n**u. Give o(-6).
5
Suppose 0 = -o + 10 + 4. Let n = -10 + o. Let x(r) = -2*r + 2. Determine x(n).
-6
Let g = -1 - -3. Let r(u) = 0 + 0*u + 2*u + u**g + 3*u - 6. Give r(-5).
-6
Let x(m) = -m**2 + 5*m + 5. Let t = -3 - -6. Let w = t + -6. Let j = w - -8. Determine x(j).
5
Let f(c) = c - 5. Let v be f(3). Let p(h) = 2*h + 1. Determine p(v).
-3
Let v(b) = 9*b**2 + b**3 - 9 + 2*b**2 - 10*b - 6*b**2 + 0*b**2. Determine v(-6).
15
Let t(f) = 2*f - 4. Let u(z) = 0*z - z - 3 + 0 + 3*z. Let q(v) = -4*t(v) + 3*u(v). Calculate q(5).
-3
Let s(x) = 6*x**3 - 2*x + 1. Suppose -8 = -5*v - 3*v. Calculate s(v).
5
Let x(r) = -r - 4. Suppose -4*b - 18 = 5*h, 2*h = b + 1 - 3. Let w be ((-28)/35)/(h/(-10)). Give x(w).
0
Let b(x) be the third derivative of 0 + x**2 - 2/3*x**3 + 1/24*x**4 + 0*x + 1/120*x**6 + 1/12*x**5. What is b(-3)?
11
Let j(f) = f**3 - 11*f**2 - f + 9. Let m be j(11). Let q(w) be the third derivative of w**4/6 + w**3/3 + w**2. Calculate q(m).
-6
Let j(o) = 2 - 2 + 4*o + 1 + 3. Let q = 1 - 4. Determine j(q).
-8
Let o(f) = -f + 2. Let r(n) be the second derivative of -n**5/20 + n**4/4 - 2*n**2 - n. Let p be r(3). Let b = p + 7. Calculate o(b).
-1
Let o(i) = -i**3 - 5*i**2 - i + 1. Suppose 27*w - 32*w - 25 = 0. Determine o(w).
6
Let q = -3 + 2. Let s be 1*2*q/1. Let g(h) be the second derivative of h**4/12 - h**3/2 - h**2/2 + 5*h. Calculate g(s).
9
Let h(g) = g - 3 + 0 + 4*g**2 - g**3 + 4*g**3 - 2*g**3. Determine h(-4).
-7
Let q(s) = -4*s**2 - s. Let v = 2 - 1. Let h(z) = 2 + z - 1 - 1 - v. Let a be h(2). Calculate q(a).
-5
Let y(p) = -p**3 + 5*p**2 + 5*p + 7. Let d be y(6). Let a(t) be the first derivative of -7/2*t**2 + t - 1. What is a(d)?
-6
Let f(l) = 4*l**2 - 7*l + 3. Let x(m) = -m**2 + 2*m - 1. Suppose -5*s = -4*y + 2*y + 6, 5*y = -2*s - 43. Let t(k) = y*x(k) - 2*f(k). Give t(-1).
0
Let l(o) = -o**2 + 8*o - 8. Let b = -6 - -12. Let q be l(b). Let n(t) = -t**3 + 5*t**2 - t - 5. Determine n(q).
7
Let p(n) = -n**3 - 4*n**2 - 4*n - 6. Suppose 5*j = -5*v + 3*v - 28, 0 = -5*j + 2*v - 12. Calculate p(j).
10
Let j(p) be the first derivative of -p**3/3 + p**2/2 + 3*p - 44. Calculate j(-3).
-9
Let t be (-10)/(-50)*30/4. Let x(m) be the first derivative of -m + m**3 - 1/4*m**4 + t*m**2 + 4. Determine x(3).
8
Suppose -13 = 4*k + 5*g, -k + 5*g - g + 23 = 0. Let a(v) = -k - v + 4 + v**2 + 0. Let o be a(2). Let f(r) = r**3 - 4*r**2 + 3*r - 2. What is f(o)?
-2
Suppose -9*z = -6*z. Suppose r - 3*c = -12, -4*r + z*r + 5*c = 13. Let f(m) = -m**2 + m - 1. What is f(r)?
-7
Let r(d) = -d**3 - 7*d**2 - 7*d - 3. Suppose 4*v - 2*m = -0*m - 24, -3*v = -2*m + 18. Calculate r(v).
3
Let l(n) = 3 - n + 2*n - 10. Let j(v) = v**3 - 2*v**2 - 3*v. Let f be j(3). Suppose f*a = 4*a. Give l(a).
-7
Let u(m) be the second derivative of -